12?
True
Is 1238829165 a multiple of 45?
True
Does 33 divide 229290468?
True
Is 615662334 a multiple of 63?
True
Does 14 divide 52565690?
False
Does 23 divide 85676840?
True
Does 12 divide 810288?
True
Is 1021027899 a multiple of 45?
False
Is 2 a factor of 16468285?
False
Is 409 a factor of 885453430?
False
Is 11 a factor of 40903273?
False
Does 1976 divide 471835208?
True
Does 296 divide 15356480?
True
Is 6 a factor of 70153575?
False
Does 295 divide 147635614?
False
Does 4 divide 1129794040?
True
Is 558721306 a multiple of 9?
False
Does 793 divide 118871377?
False
Is 166444311 a multiple of 252?
False
Is 12688375 a multiple of 25?
True
Is 5 a factor of 900696722?
False
Does 114 divide 158744511?
False
Is 466397931 a multiple of 443?
True
Is 153274782 a multiple of 192?
False
Is 28779894 a multiple of 702?
True
Does 961 divide 215874235?
True
Does 75 divide 1693188588?
False
Is 8244996 a multiple of 9?
False
Is 20 a factor of 14704363?
False
Is 796 a factor of 936743944?
True
Is 413490448 a multiple of 482?
True
Is 1616741520 a multiple of 5168?
False
Is 446 a factor of 44023768?
True
Is 25 a factor of 77220647?
False
Is 30267024 a multiple of 16?
True
Is 15 a factor of 38262383?
False
Does 166 divide 347028976?
True
Is 80887241 a multiple of 775?
False
Is 285 a factor of 69287734?
False
Does 52 divide 15648152?
True
Does 1622 divide 181907132?
False
Is 15 a factor of 295537732?
False
Is 1920036848 a multiple of 10124?
True
Is 3 a factor of 92144776?
False
Does 2043 divide 273030606?
True
Is 246 a factor of 13677354?
True
Is 62614076 a multiple of 230?
False
Is 14073280 a multiple of 64?
True
Is 456 a factor of 46226659?
False
Is 22347871 a multiple of 302?
False
Does 5 divide 63361560?
True
Is 8871430 a multiple of 2542?
False
Does 88 divide 651155114?
False
Is 96116075 a multiple of 8?
False
Is 809602467 a multiple of 317?
True
Is 29 a factor of 86191932?
False
Does 52 divide 35342008?
True
Is 50231820 a multiple of 186?
False
Is 5 a factor of 55095500?
True
Is 159 a factor of 891614442?
True
Is 16 a factor of 11921373?
False
Is 2 a factor of 524683138?
True
Is 560 a factor of 560259?
False
Does 28 divide 1534544408?
False
Does 47 divide 278131813?
False
Is 24623740 a multiple of 7?
False
Does 61 divide 195456198?
False
Is 10 a factor of 8250390?
True
Is 1735 a factor of 122831766?
False
Is 3975855 a multiple of 2790?
False
Is 1501036442 a multiple of 437?
True
Does 1156 divide 15187528?
True
Is 425 a factor of 37663176?
False
Does 142 divide 50020068?
True
Does 265 divide 138501070?
False
Is 148152710 a multiple of 1069?
True
Is 19600054 a multiple of 3605?
False
Is 1371 a factor of 288905026?
False
Is 84956790 a multiple of 232?
False
Is 1051276408 a multiple of 182?
True
Does 7 divide 29123745?
True
Does 16 divide 63546119?
False
Is 111998603 a multiple of 26?
False
Is 1782147706 a multiple of 30?
False
Does 1764 divide 912752047?
False
Is 309243785 a multiple of 47?
True
Is 908 a factor of 79342856?
True
Is 377232579 a multiple of 20?
False
Is 212504700 a multiple of 30?
True
Is 67872661 a multiple of 219?
False
Is 66 a factor of 795124315?
False
Is 279 a factor of 30045522?
False
Does 8189 divide 291241785?
True
Is 1566 a factor of 3432115261?
False
Is 514020648 a multiple of 2199?
True
Is 1078961714 a multiple of 403?
False
Is 25754642 a multiple of 41?
True
Is 688 a factor of 237412288?
True
Is 623 a factor of 29818026?
True
Is 444 a factor of 171595661?
False
Is 94763526 a multiple of 22?
True
Does 1428 divide 32199972?
True
Is 426 a factor of 58068619?
False
Does 524 divide 42926080?
True
Is 1917 a factor of 38200059?
True
Is 41 a factor of 10852454?
True
Is 560 a factor of 3404378320?
True
Is 114 a factor of 867715606?
False
Is 381 a factor of 154530285?
False
Does 99 divide 16568868?
False
Is 182945312 a multiple of 1357?
True
Does 48 divide 84066540?
False
Does 55 divide 3812617600?
True
Is 286 a factor of 5961040?
False
Is 495789190 a multiple of 221?
True
Is 63945865 a multiple of 94?
False
Does 88 divide 51316232?
True
Is 37143750 a multiple of 3125?
True
Is 139 a factor of 159900874?
True
Is 35 a factor of 219192327?
False
Does 2396 divide 550377972?
True
Is 13570719 a multiple of 1171?
True
Is 26190099 a multiple of 117?
True
Is 125377576 a multiple of 4?
True
Is 127109952 a multiple of 16?
True
Does 49 divide 445908305?
False
Is 873643 a multiple of 86?
False
Is 1353 a factor of 345280188?
True
Is 508 a factor of 155053792?
True
Is 28502473 a multiple of 170?
False
Is 562852290 a multiple of 33?
True
Is 10 a factor of 1839601877?
False
Is 479690943 a multiple of 1738?
False
Does 7 divide 3488197125?
True
Does 688 divide 20196015?
False
Does 541 divide 162496527?
False
Does 48 divide 6751050?
False
Is 230485148 a multiple of 259?
False
Is 17 a factor of 2069235612?
False
Is 28 a factor of 3223953431?
False
Does 34 divide 1021660866?
True
Is 6 a factor of 2706110?
False
Is 2523 a factor of 866559672?
True
Is 16 a factor of 162208696?
False
Is 16919245 a multiple of 340?
False
Does 142 divide 1157132860?
False
Is 709 a factor of 583190077?
True
Is 22609406 a multiple of 379?
False
Does 6 divide 231882378?
True
Is 99 a factor of 546474357?
True
Does 21 divide 150425562?
True
Is 8569688 a multiple of 1256?
True
Is 17 a factor of 422281088?
True
Does 1417 divide 14483154?
False
Is 767 a factor of 7657566?
False
Does 5819 divide 1193376958?
False
Does 19 divide 5869909?
False
Does 30 divide 2604353?
False
Does 23 divide 17142384?
False
Is 29 a factor of 834749572?
True
Is 3 a factor of 1197381?
True
Is 6375016798 a multiple of 13?
False
Does 664 divide 249991638?
False
Is 89 a factor of 233171?
False
Is 32990669 a multiple of 136?
False
Is 32033886 a multiple of 3?
True
Is 33 a factor of 454445843?
False
Does 232 divide 126826634?
False
Does 22 divide 36265438?
True
Is 112 a factor of 39124991?
False
Does 3 divide 242496?
True
Does 29 divide 200495386?
True
Is 2 a factor of 70062924?
True
Does 141 divide 44122284?
True
Is 1331854495 a multiple of 27?
False
Is 12261 a factor of 2294278320?
True
Is 773612220 a multiple of 2647?
True
Is 79 a factor of 165123430?
True
Does 78 divide 530944908?
True
Is 40 a factor of 57817760?
True
Is 101650356 a multiple of 9?
True
Does 812 divide 266523394?
False
Does 39 divide 30019403?
False
Does 3 divide 5624950?
False
Is 1378484694 a multiple of 342?
True
Does 1278 divide 39149619?
False
Is 478925819 a multiple of 8347?
True
Is 74531731 a multiple of 1265?
False
Does 127 divide 5946775?
True
Is 54692480 a multiple of 80?
True
Is 81323460 a multiple of 292?
True
Is 188646307 a multiple of 4313?
True
Is 45637440 a multiple of 685?
True
Does 14 divide 23776970?
True
Is 13903729 a multiple of 2?
False
Does 840 divide 111694800?
True
Is 428892810 a multiple of 9?
False
Is 9 a factor of 211821731?
False
Is 1640 a factor of 1705396640?
True
Is 1668 a factor of 909258042?
False
Does 476 divide 830402468?
True
Is 49978251 a multiple of 416?
False
Is 233081787 a multiple of 644?
False
Does 15 divide 457855944?
False
Does 307 divide 18992555?
True
Is 1535 a factor of 156320426?
False
Does 151 divide 17560394?
True
Does 33 divide 26745675?
True
Is 270 a factor of 103342500?
True
Does 2189 divide 18479634?
False
Does 886 divide 98704830?
True
Is 119631 even?
False
Does 4 divide 154742419?
False
Does 96 divide 28468142?
False
Is 6 a factor of 5187777?
False
Does 2664 divide 50987335?
False
Is 638642082 a multiple of 11?
False
Is 99 a factor of 598875441?
False
Is 97763000 a multiple of 236?
True
Does 572 divide 23910744?
True
Is 123716443 a multiple of 773?
False
Does 2 divide 1839790?
True
Is 19983204 a multiple of 87?
True
Is 7 a factor of 53231192?
True
Is 1345502528 a multiple of 421?
True
Is 319 a factor of 41896146?
False
Is 4693757 a multiple of 9?
False
Is 2033874084 a multiple of 138?
True
Is 33 a factor of 46730013?
True
Is 707922336 a multiple of 759?
True
Does 2432 divide 110238592?
False
Is 1814704 a multiple of 232?
True
Does 17 divide 2341214366?
False
Is 57 a factor of 2421895116?
True
Is 146404420 a multiple of 20?
True
Is 19 a factor of 44434041?
False
Is 233 a factor of 4892713?
False
Is 2551420927 a multiple of 11?
True
Is 731 a factor of 127889181?
True
Is 198 a factor of 2425345455?